 55, c = x + 29. Let q = -21 - x. Calculate the highest common factor of q and 3.
3
Suppose 0*j - 88 = 4*i - 3*j, -j = 3*i + 53. Let w = -12 - i. Calculate the greatest common divisor of 1 and w.
1
Let p(o) = 2*o**2 - 10*o + 18. Let g be -2 - (3 - 8) - -3. Let d be p(g). Let f(u) = 37*u + 2. Let w be f(4). Calculate the highest common divisor of w and d.
30
Let w(t) = -7*t + 8. Let q = -59 - -82. Let f be q/(-2) - 3/2. Let n be w(f). Calculate the greatest common factor of 11 and n.
11
Let l be -4 - -3 - (-230 + 1). Let k = l - 111. What is the highest common factor of 13 and k?
13
Let w(u) = 42*u + 18. Let i = 147 - 141. Let m be w(i). Calculate the greatest common factor of 30 and m.
30
Let v(u) = 32*u**2 - 7*u + 8. Let y(b) = 96*b**2 - 20*b + 23. Let c(s) = -17*v(s) + 6*y(s). Let p be c(1). What is the greatest common divisor of p and 363?
33
Suppose 113 = 5*p + 33. Let o = 214 + -202. What is the greatest common divisor of p and o?
4
Suppose -3*m = 2*j + 8, -3*m + 5*j + 3 - 25 = 0. Let c be m/(-14) - (-276)/14. Let b be (c/(-3))/(3/(-9)). Calculate the greatest common factor of b and 30.
10
Suppose 0 = 3*y - k - 2*k - 111, 2*y = k + 70. Let w = 38 - y. Let z = 23 - -32. What is the highest common factor of z and w?
5
Let o be (-10 + -4)/((16/124)/(-2)). Suppose 0 = -2*u - 0*u + 5*v + 57, 2*v - 2 = 0. Calculate the greatest common divisor of o and u.
31
Suppose 0 = -4*n + 6 + 14. Suppose 0 = y - n*y + 20. Let v be (-48)/(-20) + (-2)/y. What is the greatest common divisor of 2 and v?
2
Suppose 0 = -166*s + 151*s + 5640. What is the greatest common divisor of s and 47?
47
Suppose -5*m - 5 = -3*t, 2*m + 0*t = -3*t + 19. Suppose 0*w + 26 = m*w. What is the highest common divisor of w and 65?
13
Suppose u = -1, 5*u = -6*b + 8*b + 71. Let y = -23 - b. Calculate the greatest common divisor of y and 120.
15
Let z be 3/(-4) + -2 + 1893/12. Suppose 325 = 5*s - 5*b, 5*s + 4*b - 298 = -0*b. Calculate the greatest common divisor of s and z.
31
Let w = -735 + 744. Calculate the highest common divisor of 153 and w.
9
Let b = -53 - -60. Suppose -h - b = -18. Let s be ((-3*2)/3)/(-2). Calculate the greatest common divisor of h and s.
1
Let y(r) = r**3 - 18*r**2 + 17*r + 4. Let g be y(17). Suppose -g*m - 4*f = 29 - 93, 2*m + 3*f = 30. What is the highest common divisor of m and 36?
18
Let h = -452 - -502. Let d = -17 + 27. What is the greatest common factor of h and d?
10
Let c = 73 + -60. Calculate the greatest common factor of c and 559.
13
Suppose 6*g - 5*g = 6. Let y be 8/g*54/18. Suppose -4*o = -5*s + 164, 4*o + 130 = 4*s + 2*o. Calculate the greatest common factor of s and y.
4
Let j(f) = -f**3 + 11*f**2 + 7*f - 11. Let d = 4 + 7. Let i be j(d). Calculate the greatest common factor of i and 22.
22
Suppose -36*k = -31*k - 1425. Let j = 445 - k. Calculate the highest common factor of j and 20.
20
Suppose 4*v - 10 = v + 4*o, o = 5*v - 11. What is the greatest common factor of 64 and v?
2
Let p(y) = -26*y - 127. Let v be p(-5). Calculate the greatest common divisor of v and 7.
1
Let q = 186 - 10. Calculate the highest common divisor of q and 16.
16
Let r(h) = 2*h**2 + 48*h + 32. Let q be r(-24). Suppose -7 = -m - 4*l + 57, -m - l + 76 = 0. Calculate the greatest common divisor of q and m.
16
Let j = 15 + -8. Let n(g) = 2*g**2 + 3*g + 1. Let i be n(-2). Suppose i*o = -3*v + 105, o + 3*v - 4*v = 35. Calculate the highest common factor of o and j.
7
Suppose -2*t = h - 348, -10*t = -13*t + 15. What is the greatest common factor of h and 130?
26
Suppose b - 4*k = -0*b + 79, 4*k + 16 = 0. Suppose i + 41 = 4*l, i - 5*i - 20 = 0. What is the highest common factor of b and l?
9
Suppose -o + 120 = -0*o. Let r(d) = -4*d + 3. Let v = -1 - 2. Let i be r(v). Calculate the greatest common divisor of i and o.
15
Let g = 6 + -4. Suppose -77 = -4*a + 3*n, 3*a - g*n = -a + 82. Let o(v) = -35*v - 3. Let u be o(-6). Calculate the highest common divisor of u and a.
23
Suppose -10*i - 13 = 27. Let s be 9/(-3 - i/1). Calculate the greatest common divisor of 6 and s.
3
Let w be (1/(-2))/((-2)/44). Let a(d) = 21*d + 6 - 2 - 3. Let x be a(1). What is the greatest common divisor of x and w?
11
Suppose -51*q + 195 = -46*q. What is the greatest common factor of q and 52?
13
Let i be (3 + (10 - (-6)/(-3)))*2. Suppose 32 + i = 6*j. Calculate the greatest common factor of j and 45.
9
Let h be (1*30)/(2 - 0). Let z be (h/(-10))/((-1)/32). Suppose -5*o = -6*o + z. Calculate the greatest common divisor of 16 and o.
16
Let l be (-41 - -49) + 4*-1. Calculate the highest common divisor of l and 116.
4
Let f be (5 + 55/(-10))*78*-1. What is the greatest common factor of 624 and f?
39
Let v(k) = -k**2 - 6*k + 5. Suppose 0 = a + 6 - 0. Let s be v(a). What is the highest common factor of s and 5?
5
Let q = 4 + 1. Let v(g) = -g**2 + 4*g + 15. Let d be v(q). Suppose -b + 89 = k, 3*k + 8 = 3*b - 265. What is the highest common factor of b and d?
10
Let f be (-1)/(-6) - 1/(18/(-717)). Let t be (108/10)/(6/f). What is the greatest common factor of t and 9?
9
Let k = 0 + -3. Let s = 55 - k. What is the highest common factor of 145 and s?
29
Let l(u) = 10*u - 145. Let a be l(20). What is the highest common factor of a and 15?
5
Let p = -577 + 582. Let w = -1 - -4. Suppose 2*n - 1 = -9, n = -w*y + 131. Calculate the highest common factor of y and p.
5
Let l be (-408)/2*1*(-1)/2. What is the highest common divisor of 136 and l?
34
Let q be (-60)/2*539/(-294). Calculate the greatest common factor of q and 484.
11
Let z be ((-30)/8)/((-3)/12). Suppose 78 = 29*r - 9. Calculate the highest common factor of z and r.
3
Let o(m) = 4*m + 43. Let h be o(-7). Suppose -4*s = 3*z - 40, 4 = s + z - 6. Calculate the greatest common divisor of h and s.
5
Suppose -q = 4*k - 773, 975 = 14*k - 9*k + 3*q. Calculate the greatest common divisor of k and 4.
4
Let a(x) = -119*x - 261. Let n be a(-7). What is the highest common divisor of 416 and n?
52
Suppose -3*d - 25 = -97. Let q = 48 - d. Suppose -71 = -y + 5*x, 475 = 5*y - 10*x + 9*x. Calculate the highest common divisor of q and y.
24
Let d = 1 + -1. Let q(g) = 13*g + 42. Let l be q(-3). Let h = l - d. What is the greatest common factor of 33 and h?
3
Let r be ((-7)/((-1)/(-1)))/(-1). Suppose 2*d + 25 = r*d. Suppose -h - d*s = -19, 53 = h + 3*h - 3*s. Calculate the greatest common factor of 98 and h.
14
Let x(q) = 2*q**3 - q**2 + q. Let u be x(1). Let h(t) = -2*t + 2*t - 1 + 3*t + t**2 + 0*t. Let v be h(u). What is the greatest common factor of v and 9?
9
Suppose t + 5*b + 3 + 1 = 0, -3*b + 62 = -4*t. Let i be (20/t)/(2/(-14)). What is the greatest common factor of 110 and i?
10
Let n be (-1448)/(-52) - 6/(-39). Suppose -3*b - p = 3*p - n, -5*p = 3*b - 29. What is the highest common factor of 136 and b?
8
Let j(n) = n - 6. Let d be j(0). Let v be d*(-1 - -2)*-8. Let w = 15 - -17. Calculate the highest common divisor of v and w.
16
Suppose -u = -r - 87 + 29, -3*r = -3. Calculate the greatest common divisor of 590 and u.
59
Let g be (-3)/(-6) - 342/(-4). Let v(t) = -t**3 - 65*t**2 - 66*t + 1. Let a be v(-64). Calculate the highest common divisor of a and g.
43
Let m(y) = 4*y**2 - 13*y - 5. Let z be m(11). What is the greatest common factor of 21 and z?
21
Let a(s) = s**3 - 5*s**2 - 3*s - 3. Let f be 1/(-8)*-2 + (-115)/(-20). Let b be a(f). What is the greatest common factor of b and 6?
3
Let v = -1635 + 1639. Suppose 10 = -0*g + g - j, j + 30 = 3*g. Calculate the greatest common divisor of v and g.
2
Let t be (1*2)/(5/(-1 - -36)). What is the greatest common divisor of 77 and t?
7
Let g be (-7)/(7/3) - -26. Calculate the greatest common divisor of 23 and g.
23
Suppose c = -5*b + 25 - 1, -5*c + 2*b + 12 = 0. Suppose 2*k - c = -0. Let g = -18 - -26. What is the greatest common factor of k and g?
2
Let s be (1 - (-63)/(-49))*-21. What is the greatest common factor of 21 and s?
3
Let n(q) = 19*q + 1. Let m be n(1). Suppose g - 5*w = -5, -g - 4 = -4*g - 4*w. Let y be 3 - (-2 - 1/4*g). What is the greatest common divisor of m and y?
5
Let g be (3/2)/(2/4). Suppose 0 = -2*m + g*f + 213, m - 2*m + 124 = -5*f. Calculate the greatest common factor of m and 9.
9
Let h = 113 + -17. Let o = 27 - 15. What is the highest common factor of o and h?
12
Let q = 332 + -306. Calculate the gre